at is 2548 - 496?
2072
In base 3, what is -1221201 + -1012020110002?
-1012022101210
In base 12, what is -36080 - 4?
-36084
In base 8, what is 2462 + -142056?
-137374
In base 15, what is 1a1344 - b?
1a1338
In base 2, what is 1000 + -10110111101001101000?
-10110111101001100000
In base 2, what is -10000111000010101010100100001 - -10?
-10000111000010101010100011111
In base 6, what is 1422041011 + -4?
1422041003
In base 12, what is -730b - a82?
-8191
In base 8, what is 0 - 157053125?
-157053125
In base 8, what is 23220637 + 4?
23220643
In base 12, what is 3a - 3a7533?
-3a74b5
In base 3, what is -121 + 10201210011222?
10201210011101
In base 15, what is -4 + -31b9a2?
-31b9a6
In base 5, what is 41210320003 - -4?
41210320012
In base 5, what is 4411 - -200113?
210024
In base 14, what is -183c2d + -50?
-183c7d
In base 9, what is 104766 - 830?
103836
In base 15, what is 7572d - 189?
75594
In base 6, what is -20 - -1212132430?
1212132410
In base 5, what is 123100340 - 10104?
123040231
In base 12, what is -8 + 20575ba5?
20575b99
In base 15, what is 6 + 23d848?
23d84e
In base 13, what is 119c - 188a?
-6bb
In base 8, what is 272 + -162644?
-162352
In base 13, what is 39b9ab - -1a?
39b9c8
In base 14, what is -6 - 1027c5?
-1027cb
In base 14, what is -13c066a - -10?
-13c065a
In base 16, what is 3556 + 193?
36e9
In base 12, what is -13bb3 + 88?
-13b27
In base 3, what is -1021 - 102112120021?
-102112121112
In base 6, what is -101 - -12154243?
12154142
In base 16, what is 1c6f + 175b6?
19225
In base 4, what is 3 - -310033303?
310033312
In base 16, what is 4ed910 + 6?
4ed916
In base 11, what is 13938 - -7a0a?
20847
In base 4, what is -3300 - 1012322?
-1022222
In base 12, what is 25a94b6 - 1?
25a94b5
In base 12, what is 2110 - aa347?
-a8237
In base 11, what is -28258950 - 2?
-28258952
In base 11, what is 17897 - -9670?
26457
In base 7, what is 5034163 + 63?
5034256
In base 8, what is -14505060 + -64?
-14505144
In base 4, what is 20 - -10321131210?
10321131230
In base 7, what is -53233451 - 2?
-53233453
In base 8, what is -2 + 417102334?
417102332
In base 8, what is -51113103 - -40?
-51113043
In base 7, what is -10133132446 + 2?
-10133132444
In base 7, what is 414544111 + -16?
414544062
In base 7, what is 252 - -620116?
620401
In base 16, what is 0 + 11adb7?
11adb7
In base 15, what is -8e816 - -16?
-8e800
In base 8, what is 767 - 467636?
-466647
In base 2, what is 110010 - 10100000001011001010101?
-10100000001011000100011
In base 15, what is -5555814 + -5?
-5555819
In base 8, what is 2252411 + 1?
2252412
In base 4, what is 3 - 202333013333?
-202333013330
In base 16, what is fda - -2088?
3062
In base 5, what is 4 + -1311413241?
-1311413232
In base 15, what is 4 - -28dd5d?
28dd62
In base 9, what is 80 - -1236058?
1236148
In base 5, what is -144 - 11333120202?
-11333120401
In base 5, what is -123 + -2300434330?
-2300440003
In base 6, what is -33352 + 2315?
-31033
In base 15, what is c0267e + 6?
c02685
In base 8, what is -3 - -77704675?
77704672
In base 2, what is 110111011000 - -101100110010001?
110011101101001
In base 13, what is -41a21 - -b3?
-4193b
In base 7, what is 2 - 263535233?
-263535231
In base 8, what is 1 - 10506144?
-10506143
In base 5, what is 2 - 200041043040?
-200041043033
In base 13, what is -2 - 57408aa?
-57408ac
In base 12, what is -4 - -583a0a6?
583a0a2
In base 8, what is -26 - 6153107?
-6153135
In base 16, what is 2 - 6692d3?
-6692d1
In base 5, what is -10241142343 - -12?
-10241142331
In base 7, what is 5 + -420202331?
-420202323
In base 4, what is -1212012210323 - 2?
-1212012210331
In base 3, what is 111100010112100 - -112?
111100010112212
In base 9, what is 5276680 - 2?
5276677
In base 6, what is -141510251 + 150?
-141510101
In base 12, what is -904 + 1850?
b48
In base 2, what is -1011100000110100001101 - 10?
-1011100000110100001111
In base 5, what is 2443342 - -11224?
3010121
In base 12, what is -66 + -10309?
-10373
In base 8, what is -12 + 30536?
30524
In base 7, what is -530513 - -510?
-530003
In base 10, what is 48 + -770482?
-770434
In base 10, what is -3 - -62347270?
62347267
In base 5, what is 10014 + 40412?
100431
In base 6, what is -2 + -3400105112?
-3400105114
In base 5, what is -212041310 - 0?
-212041310
In base 7, what is 20540 + 310?
21150
In base 10, what is 131 - -693417?
693548
In base 15, what is -1ac + 27e0a?
27c4d
In base 8, what is 2 - 45070072?
-45070070
In base 12, what is 2b827 - 65?
2b782
In base 13, what is -29c48 - -2?
-29c46
In base 11, what is -5 - -175940?
175936
In base 9, what is 842327 - -5?
842333
In base 15, what is 4591c30 + -1?
4591c2e
In base 6, what is -4 - -310033531?
310033523
In base 15, what is -34e3 - -1e44?
-159e
In base 12, what is a15 + -147644?
-14682b
In base 8, what is 17430 - -3255?
22705
In base 2, what is 101110100100001010011 - 1001101?
101110100100000000110
In base 16, what is 5 - f8de3?
-f8dde
In base 12, what is -175b9 - 151?
-1774a
In base 14, what is -b7a5 - a8c?
-c453
In base 5, what is -12423312242 - 0?
-12423312242
In base 6, what is 10 - -100233034?
100233044
In base 6, what is 44 + 301234210?
301234254
In base 10, what is 375 + -780143?
-779768
In base 14, what is c401 + 19c?
c59d
In base 8, what is -3175361 + 171?
-3175170
In base 4, what is 3023111201 + 21?
3023111222
In base 9, what is -1106153 + -3240?
-1110403
In base 13, what is -28bb - -978?
-1c43
In base 10, what is -64458 - 721?
-65179
In base 4, what is -33303202 + 1022000?
-32221202
In base 12, what is 258123 - 9?
258116
In base 10, what is -18 - 21847028?
-21847046
In base 16, what is -2a11 + 2fae?
59d
In base 13, what is 305296 - 5?
305291
In base 3, what is -120220000 + -1112100?
-122102100
In base 13, what is -a8 - -10b71?
10a96
In base 15, what is -197e + 2dc?
-1692
In base 6, what is 20 - 2204523031?
-2204523011
In base 10, what is -3 + 13425898?
13425895
In base 12, what is 26 - -507b?
50a5
In base 13, what is 5680 + 8615?
10c95
In base 8, what is -3 + 50360145?
50360142
In base 4, what is -200212 - -1302002?
1101130
In base 6, what is 1120 - -33051424?
33052544
In base 9, what is -8083367 + -17?
-8083385
In base 7, what is 4101 - -64510?
101611
In base 13, what is 61 + 8a63?
8ac4
In base 5, what is -40402300 - -302?
-40401443
In base 15, what is 0 + e6c4ae?
e6c4ae
In base 2, what is 111111010111101101000000101 - -111?
111111010111101101000001100
In base 12, what is 689a958b - 5?
689a9586
In base 3, what is 22000 + -120210012211?
-120202220211
In base 7, what is -3164515550 + 3?
-3164515544
In base 8, what is 6550 + 15565?
24335
In base 2, what is -11100110000101 - 11001110?
-11101001010011
In base 16, what is 1 + -c28e0?
-c28df
In base 12, what is 128a656 + -7?
128a64b
In base 16, what is -23 + -2d646?
-2d669
In base 10, what is 567 - -74984?
75551
In base 7, what is 626 - -1612246?
1613205
In base 5, what is 3 - 413241400204?
-413241400201
In base 6, what is 252431413125 - -5?
252431413134
In base 3, what is 1120200001012 - 11?
1120200001001
In base 11, what is -123 - -9a20?
98a8
In base 10, what is -2 - 86647206?
-86647208
In base 8, what is 505 - 1216364?
-1215657
In base 10, what is -179700477 - -5?
-179700472
In base 12, what is 3 + 14652422?
14652425
In base 10, what is 18 - -162156?
162174
In base 12, what is -10102b + 8bb?
-100330
In base 16, what is 5b8848 + -2?
5b8846
In base 7, what is 13 + -2654355?
-2654342
In base 9, what is 2 + 3682335?
3682337
In base 11, what is 0 - 21777826?
-21777826
In base 7, what is -344 + -14430650?
-14431324
In base 12, what is 12 - -65308?
6531a
In base 4, what is 112103 + -230113300?
-230001131
In base 2, what is -11111110 - 11110101000101111?
-11110101100101101
In base 14, what is 181b17 - -ad?
181bc6
In base 16, what is 2 + -40a798?
-40a796
In base 13, what is 0 - -3394285?
3394285
In base 15, what is -51 - 379ae3?
-379b44
In base 9, what is 1448 - 7067?
-5518
In base 5, what is -42 + 3010104203?
3010104111
In base 15, what is 4 - -1b91aa?
1b91ae
In base 7, what is 420450 - -1325?
422105
In base 6, what is -203 - 1513542?
-1514145
In base 6, what is -121143551 - -144?
-121143403
In base 15, what is -63861 - 0?
-63861
In base 15, what is -54e87 + -5c?
-54ee4
In base 11, what is 415a + -120a3?
-8a44
In base 2, what is 1010101111100110 - 1101?
1010101111011001
In base 3, w